
1
Let m(k) = 41*k - 6*k**3 - 42*k + 0*k**3. Suppose -2*i - 4 = -2*w, 0 = 4*w + 5*i + 11 - 37. Suppose 4*v + a = 3*a + 12, a = -w. What is m(v)?
-7
Let f(o) = 3*o**2 - o - 4. Suppose -2*p + 5 = 13. Let m(u) = 5*u**2 - u - 8. Suppose 0 = s - 7 - 0. Let t(q) = p*m(q) + s*f(q). Determine t(4).
8
Let y(p) be the third derivative of p**6/120 + 2*p**5/15 + p**4/24 - 17*p**3/3 + 4*p**2 - 16. Give y(-7).
8
Let m = -9 + 5. Let k be 1 - (0 - (2 + m)). Let r(d) = -8*d**3 - d. Give r(k).
9
Let s(p) = p + 6. Suppose 2*w + 2*w + 36 = -2*g, -3*g - 43 = 5*w. Let d = 16 + w. Suppose -d*i + h = 0, 0 = -2*i - 0*i - 2*h. What is s(i)?
6
Let f(i) = -i**3 - i**2. Suppose -4*v + 4 + 8 = 0. Let c(w) = 2*w**3 + 2*w**2 + 1. Let p(x) = v*f(x) + c(x). Determine p(1).
-1
Suppose 0 = -2*k + 5*j - 25, 5*j - 25 = -0*k - 4*k. Let o be -2 + -1 + k - -3. Let n(r) = -2*r - 8 + 8 + o. Determine n(-1).
2
Suppose 2*l + 3*q = 51, 0 = -3*l + 4*q + 17 + 17. Suppose 5*s = 2*j - l, 7 = s + 4*j - 7. Let p(n) = -n**3 - 2*n**2 + n + 2. Calculate p(s).
0
Let g(n) = 2*n - 1. Suppose 3*q + 24 + 18 = 0. Let x be q/4*(-24)/14. Give g(x).
11
Let w = 46 - -18. Let q be 19/4 - (-16)/w. Let i(g) = -g**3 + 7*g**2 - 6*g - 3. Calculate i(q).
17
Let n(r) = 2556*r**2 + r + 4*r - 2557*r**2 + 1. Determine n(6).
-5
Let z(l) = -l - 1. Let p(s) = -s**2 + 18*s - 15. Let n be p(17). Suppose 5*b = 2*f + 2 - 0, -3*f + n = -5*b. Determine z(f).
-5
Let a(o) be the first derivative of o**3/3 + 4*o**2 + o + 167. Calculate a(-7).
-6
Let h(s) be the second derivative of s**4/6 - s**3/3 - s**2 - 5*s - 6. Suppose 10 = -6*a + a. What is h(a)?
10
Suppose 22 = -11*l + 110. Let d(y) = -9*y**3 - 7*y**2 + 3*y - 13. Let r(k) = -5*k**3 - 3*k**2 + k - 7. Let b(w) = 6*d(w) - 11*r(w). Determine b(l).
-9
Let w be 3/3*1 + 2. Let u(j) = j - 4. Let p be u(w). Let x = 3 + p. Let d(v) = 3*v**2 - 2*v - 2. What is d(x)?
6
Let f(d) be the third derivative of -d**6/240 + d**5/20 - d**4/24 - 9*d**2. Let u(k) be the second derivative of f(k). Give u(6).
-12
Let t(a) be the second derivative of 2*a**4/3 - a**3/6 + a**2/2 - 73*a. Let c(m) = -m**3 + 7*m**2 - 5*m - 5. Let r be c(6). Give t(r).
8
Let y(s) = 6*s + 11*s**2 - 14*s - 2*s + 3*s**3 - 6. Let n = -8 - -11. Let a(x) = 2*x**3 + 10*x**2 - 9*x - 6. Let r(q) = n*y(q) - 4*a(q). What is r(6)?
6
Let n(k) = -k**2 + 1. Let y be n(-1). Suppose 4*b - 5*b + 4 = y. Let j(w) = -w + 9 + b*w - w**2 - 6. Give j(4).
-1
Let m(f) = 9*f - 3. Suppose 12 = 3*w - 2*h, 0 = 17*w - 14*w + 2*h. What is m(w)?
15
Let l(d) = -3*d**2 + d - 2. Let g(h) = -3*h**2 + 2*h - 4. Let v(i) = 2*g(i) - 3*l(i). Calculate v(2).
12
Let a(t) be the first derivative of -t**4/4 + 8*t**3/3 - 4*t**2 + 3*t + 125. Give a(7).
-4
Let a be (-1)/((-44)/(-8)) - (-285)/55. Let b(s) = -2*s**2 + 8*s - 3. Calculate b(a).
-13
Let m(f) = f**3 - f**2 + 2*f. Let w(q) = q**3 - q**2 + 3*q - 10. Let c(h) = 2*m(h) - w(h). Calculate c(0).
10
Let p(u) = -u**3 + 6*u**2 - 2*u + 8. Let m(y) = 2*y + 2. Let t be m(-1). Let b be (-11)/(44/(-24)) + t. What is p(b)?
-4
Let g(y) = 3*y - 3. Let b = -314 + 311. Calculate g(b).
-12
Let o(p) = -3*p**3 + 10*p**2 + 10*p - 8. Let v(q) = -4*q**3 + 10*q**2 + 9*q - 8. Let y(w) = -3*o(w) + 2*v(w). Determine y(11).
-3
Let k(h) = -h**2 + h. Let z(o) = -o**2 + 4*o - 3. Let j be z(3). Suppose 21 = -4*f - b + 114, -5*f - 4*b + 119 = j. Let a = 23 - f. Give k(a).
0
Let s(m) = m**2 - 19*m + 24. Suppose -5*q + 17*u = 14*u - 99, 0 = -3*q - 3*u + 45. Determine s(q).
6
Suppose -3*h - k + 10 = 0, -5*k + 0*k = -4*h + 7. Let t(d) = d**3 + 0*d**3 - 40*d**2 + 5*d + 0*d**h + 33*d**2 + 6. Calculate t(6).
0
Let d(t) = -t**2 - 4*t + 6. Let j(x) = 5*x + 271. Let z be j(-55). What is d(z)?
6
Let q(g) = 4*g**2 + g - 4. Let a(o) = 9*o**2 + o - 5. Let t(k) = -3*a(k) + 4*q(k). What is t(-1)?
-13
Suppose -2*h + 6 = -2*d, 2*h + d - 1 = 7*h. Let t = 0 + h. Let c(a) = -38*a**2 + 14*a**2 + 23*a**2 - 13*a**3 - a - 10*a**3 + 22*a**3. Give c(t).
1
Let b(q) = -15*q + 1. Let f(h) = -31*h + 2. Let m(s) = -9*b(s) + 4*f(s). Calculate m(-1).
-12
Let w(a) = -a**2 + 5*a + 10. Let r(o) = o + 1. Let h be r(6). Let t be w(h). Let y(p) = -p + 4. Calculate y(t).
8
Let f be ((0 - 5) + -9)/2. Let v(i) = 5*i**2 + 5*i - 8. Let h(u) = 6*u**2 + 5*u - 8. Let l(s) = -4*h(s) + 5*v(s). Calculate l(f).
6
Let r(b) be the first derivative of b**2/2 + 2*b + 1. Suppose -j - 32 = -34. Suppose -6 = -2*w - j. Calculate r(w).
4
Let z be (19 - 7)/(-1 + 3). Let j(r) = -r**3 + 5*r**2 + 3*r - 2. Give j(z).
-20
Let g = -8 - -14. Let i(v) be the third derivative of v**6/120 - v**5/12 - 7*v**4/24 + v**3 + 4*v**2 + 37*v. Give i(g).
0
Suppose 3*i - 91 = 17. Let p = i - 38. Let q(x) = x**2 + 4*x + 3. What is q(p)?
-1
Let r(x) be the third derivative of -x**6/120 - x**5/20 + x**3/6 + 10*x**2. Suppose -2*b = -0*b - 4, -3 = -z - b. Suppose -2 = f + z. Determine r(f).
1
Let v(k) = -9*k**3 + 3*k**2 - 9*k + 4. Let r(h) = 9*h**3 - 3*h**2 + 7*h - 3. Let f(m) = 3*r(m) + 2*v(m). Determine f(1).
8
Let i(n) = n**2 - 7*n + 6. Suppose 0 = -2*v - 3*c - 1, 3 = 2*v + 2*c + 9. Let j be 2 + 3 + v - (-15 - -4). Determine i(j).
14
Let u(f) = -f - 8. Let z(b) = -3*b - 11. Let x be z(-5). Suppose x*t - 4*w = -24, w = 5*t - t + 30. Calculate u(t).
0
Let o(u) = u**2 + 9*u. Let c be o(-6). Let k = c + 19. Let q(d) = -3*d**2. Determine q(k).
-3
Let g(d) = 4*d**3 - d**2 + 2*d. Let m be g(1). Let v be 1/(-2)*-2 - (m - -6). Let a(k) = k + 13. Calculate a(v).
3
Suppose -4*n + 8 = -6*k + 2*k, 3*k + 4*n + 34 = 0. Let g(l) = 2*l + 7. Give g(k).
-5
Let w(a) = 2*a - 37. Let o be w(-5). Let u = -41 - o. Let q(c) = c**2 - 6*c - 2. Determine q(u).
-2
Let w = 2859 - 2855. Let o(a) = -a**3 + a**2 + 15*a - 6. Calculate o(w).
6
Let v(s) = s**2 + 5*s - 8. Let z = -8 - 1. Let f = 2 + z. Calculate v(f).
6
Let d(g) be the third derivative of 3*g**4/8 + 7*g**3/2 + 82*g**2 - 3*g. Calculate d(-3).
-6
Let n(i) = 7*i + 7. Let m(c) = 20*c + 20. Let p(s) = 6*m(s) - 17*n(s). Let b(r) = 4*r + 8. Let t(o) = 2*b(o) - 12*p(o). Give t(5).
-16
Let o(u) be the second derivative of -19*u**3/6 - u**2/2 + 4*u + 1. What is o(-1)?
18
Let d(r) be the second derivative of 0 - 31*r - 1/6*r**3 + 2*r**2. Determine d(4).
0
Let h(j) = -2*j + 6. Let d = 49 + -28. Suppose 0 = -q - 2*q + d. What is h(q)?
-8
Let j(r) = 3*r**2 + r**2 - 3*r - r**3 + r**2. Suppose 127*b = 391 - 10. Determine j(b).
9
Let p(n) be the second derivative of -n**3/6 - n**2 + 20*n. Suppose 4*b = -3*g + 29, -5*b + 2*b + 21 = 2*g. Suppose -15 = 5*m, m + g + 9 = 3*z. Give p(z).
-5
Let z be (-11 - -11)*(-2)/8. Suppose z = 5*o - 2*o - 45. Suppose q + 0*q - o = 2*j, q = -3*j - 10. Let i(c) = c**2 + 4*c - 2. Give i(j).
3
Let o(d) = d**2 - 5*d + 8. Let f be o(3). Let q(x) = 2*x**3 - 3*x**2 + 2*x - 2. Determine q(f).
6
Let b(x) be the third derivative of -7*x**5/60 - x**4/12 - x**3/3 - 30*x**2. Determine b(-1).
-7
Let j(k) = k**3 + 11*k**2 - k - 2. Let q(z) = -z**3 - 49*z**2 + z + 38. Let s be q(-49). Give j(s).
9
Let b = -5 - 1. Let q(h) be the third derivative of 7*h**5/60 - h**4/24 - 2*h**2. Let v(i) = -8*i**2 + i. Let z(n) = b*q(n) - 5*v(n). What is z(-2)?
-10
Let g = -66 + 69. Let w be g + 3/(1 - 4). Let f(m) = -2*m**3 - m + 3*m**2 + m - 1. Calculate f(w).
-5
Let o(q) = 0*q + 5*q + 1 + 0*q + 0*q. Let x(k) = 9*k + 2. Let z(a) = 5*o(a) - 3*x(a). Suppose 2*t + 4*d - 37 = -3*t, 4*d = 5*t - 13. Determine z(t).
-11
Let s(i) = -10*i**2 - 2 - i**3 + 0*i**3 + 10*i - 5 + 6. Calculate s(-11).
10
Let c(h) = -7*h**2 - 27*h + 33. Let r(k) = -k**2 - 3*k + 1. Let i(m) = -c(m) + 6*r(m). Give i(-11).
-5
Let g(c) = 11*c**2 - 2 - c**3 + 9 + 2719*c - 2709*c + 24 + 0*c**3. Determine g(12).
7
Let c(n) be the second derivative of -3/2*n**2 - 1/12*n**4 - 1/2*n**3 + 0 + 1/20*n**5 - 9*n. Determine c(3).
6
Let x(j) be the third derivative of j**5/60 + 7*j**4/24 + 5*j**3/6 - 177*j**2. Suppose 0 = 4*t + 1 + 15. Determine x(t).
-7
Suppose -5*n + 20 = -3*t - 9, 4*n - 4 = 0. Let h(z) = -z - 12. Let q be h(t). Let p(x) be the first derivative of -x**2/2 - 2*x - 1. Determine p(q).
2
Let t(b) = b**2 + 20*b - 13. Suppose -37*m = 391 + 386. Calculate t(m).
8
Suppose -30*g + 33*g - 19 = -2*y, 3*y - 5*g = -19. Let r(a) = -6*a**2 + 4*a + 4. Let t(o) = -o - 1. Let m(q) = -r(q) - 2*t(q). Determine m(y).
18
Let f(h) = 0*h + 0*h**3 + 5*h**2 + 7 - 4*h